e
Suppose 42*w = 25*w + 134011. Is w composite?
False
Let i(o) be the second derivative of o**4/4 + 2*o**3/3 + 2*o**2 - 17*o. Let g(j) = -j**3 - 4*j**2 + 2*j + 3. Let t be g(-4). Is i(t) a prime number?
True
Suppose 19852 = 5*p - 5983. Is p a composite number?
False
Let s be -81*7/((-84)/32). Let o = 305 - s. Suppose -o - 53 = -2*b + w, -b + 71 = -4*w. Is b composite?
False
Let l = -7 - -8. Let t be l + ((-24)/(-4) - -1). Suppose t*b = 5*b + 201. Is b a composite number?
False
Is ((7 + -5)*47269)/(5 - 3) a composite number?
False
Let v(l) = -6*l**3 - 4*l**2 - 22*l + 1. Is v(-7) prime?
True
Suppose 18045 = 3*a + 2*a - 4*j, -4*j + 10859 = 3*a. Is a a composite number?
False
Let p(j) = -2*j**3 + 5*j**2 - 4*j + 8. Let a(y) = -6*y**3 + 15*y**2 - 11*y + 23. Let c(u) = -6*a(u) + 17*p(u). Let d(v) = 3*v - 1. Let q be d(2). Is c(q) prime?
True
Let x(z) = z**3 + 9*z**2 + 28*z - 7. Is x(21) composite?
True
Suppose 0 = -7*o + 4*o + 102. Suppose o*k - 37*k + 5079 = 0. Is k prime?
True
Suppose -57*l - 16648 = -65*l. Is l prime?
True
Let t(z) = 5 + 32*z**2 + 6*z - 3*z**2 - 13*z**2. Is t(-4) a composite number?
True
Suppose 22785 + 2610 = 3*c - 5*d, 25395 = 3*c - 4*d. Is c a prime number?
False
Suppose -4*f + 5*f + 18 = 0. Is (-6)/(-4)*(-3 - 12426/f) composite?
False
Let w = 32 + -33. Is 221 - (-2 + w + 6) a prime number?
False
Is (739708/(-114))/(2/(-6)*2) a composite number?
False
Suppose n = o - 2646, 3*n - 4*n = -4*o + 10575. Is o a prime number?
False
Let q be (-123)/(-11) - (-16)/(-88). Suppose q = 4*r - 5. Suppose -2*j = r*i - 124, 2*i + 0*j = 5*j + 62. Is i prime?
True
Is (3 - (-35190)/(-20))/(3/(-2)) a composite number?
False
Suppose -74*c + 8 = -70*c. Is 2 - 38406/(-54) - c/9 prime?
False
Suppose -14*f - 18295 = -19*f. Is f prime?
True
Let u be (6/4)/3*-8. Let v be 30*-6*u/30. Suppose 405 = l + v. Is l a prime number?
False
Suppose 3385 = -15*x + 20*x. Suppose 4*b = 2353 - x. Is b a prime number?
True
Let a = -68 + 65. Is a + 10185/6 + 6/(-4) a prime number?
True
Suppose 0 = 14*c - 11*c + 5*j - 33101, 3*j + 22042 = 2*c. Is c composite?
False
Suppose 3*a - 10*a = -43015. Is a a prime number?
False
Suppose 0 = 5*r + y - 4*y - 6562, -3*r - 2*y = -3941. Let g = 1736 + r. Is g composite?
False
Let d be -4 + 8 + 3/(-1). Is (3 - -2) + 902/d prime?
True
Let a = 11222 + -6145. Is a composite?
False
Suppose -3*j - 655 = 2*g + 2*j, -1690 = 5*g - 5*j. Let b = -233 - g. Suppose -76 - b = -2*m. Is m a composite number?
False
Let j be ((-22)/(-6) + 1)*(-5034)/(-4). Let t = j + -3356. Is t composite?
True
Let o = 274 + -385. Suppose -4*t + 625 = -191. Let j = t + o. Is j a composite number?
True
Suppose 5*c - 1127 = -2*f, -4*f + 454 - 16 = 2*c. Suppose -2*r - 6 = 0, 217 = 4*d + 6*r - r. Suppose -5*q = 4*l - c, 4*q = 3*q - 5*l + d. Is q prime?
True
Let z(k) = 3 + 15*k + 27*k - 16*k. Let b = -8 - -16. Is z(b) composite?
False
Let n(a) = 6*a**2 - 28*a - 7. Is n(-39) prime?
True
Let k = 7712 + -3765. Is k prime?
True
Let g(y) = -y**3 - 2*y**2 - 2*y - 1. Let t be g(-2). Suppose k + 5*v - t = 0, -3*k - 15 = -2*k - v. Is (284/6)/((-4)/k) composite?
True
Let z be 19/(-76) + (-1039)/(-8)*-2. Suppose -2*k + 463 = -2*f - 275, k = -3*f + 377. Let i = k - z. Is i prime?
True
Let t = 47 - 49. Is ((-3148)/(-8))/(t/(-4)) a prime number?
True
Let d(o) = 542*o**2 + 5*o + 19. Is d(6) a composite number?
True
Let g = 19 - 15. Suppose -3*i + 12 = g*f, -3*f + 30 = -6*i + 3*i. Suppose r - f = 31. Is r prime?
True
Let k = -7797 - -18093. Let t = k - 7177. Is t prime?
True
Suppose 0*d + 5*d = -4*x - 599, d + 122 = -3*x. Suppose -3*l + 352 = -7*l + 4*k, -3*l + 2*k - 260 = 0. Let t = l - d. Is t a prime number?
False
Let y be (-10)/(-15) + (-163)/(-3). Let c(n) = n**2 + 8*n + 3. Let g be c(7). Let u = g - y. Is u composite?
False
Suppose -3*s - 2*u = -83, 4*u + 79 = 3*s + 5*u. Is s composite?
True
Suppose -y = -0*y - a - 4556, y = 2*a + 4553. Is y a composite number?
True
Suppose -2*f + 4304 - 14008 = 0. Let p = -2903 - f. Is p prime?
True
Let u(n) be the first derivative of 10*n**3/3 + 7*n**2 - 14*n + 12. Is u(-8) prime?
False
Suppose 6*u - 58 = -r + 7*u, -2*r - 3*u = -136. Let o = r + 35. Is o a composite number?
False
Is -5 - (-231)/49 - 27822/(-14) a prime number?
True
Let g = 264 - 266. Let y = 3629 - 2550. Is ((-2 - -5) + g)*y prime?
False
Suppose 0 = 3*r - 4*t - 488, 4*r - 3*t + t - 634 = 0. Let f = r + -98. Is f prime?
False
Let d = -3502 + 6859. Let n = d - 2398. Is n a prime number?
False
Let r = -8 + 11. Suppose r*l - 639 = 708. Is l a composite number?
False
Let w(m) = -165*m**3 + m**2. Let i be w(-1). Let f = i - -129. Is f a composite number?
True
Let l(a) be the second derivative of 17*a**3/3 - 7*a**2/2 + 4*a. Let c be l(5). Suppose -2*k + 6*r + 350 = 2*r, k - c = -2*r. Is k a prime number?
False
Suppose 917 = 9*p + 782. Let c(f) = 14 - 4 + 11*f + 4. Is c(p) composite?
False
Suppose 1 - 9 = -4*p. Suppose -3*s = p*s + 15. Is 0 + (-9)/s + 174 a composite number?
True
Let o(b) = -10*b. Let n(l) = -l + 11. Let p be n(10). Let f be o(p). Let g(q) = q**3 + 10*q**2 - 15*q - 7. Is g(f) a composite number?
True
Suppose 2*o = 4*t + 8376, 0*o - o + 4178 = -4*t. Is o a composite number?
True
Suppose -q - 2*q - 22 = 5*w, 0 = 5*q - 3*w + 14. Let a(d) = -13*d**3 - 5*d**2 + 2*d + 1. Is a(q) a composite number?
True
Let d be (-1)/((-8)/12)*216. Suppose -2*k + 1 = -k. Is (k - (d - 2))/(-1) a prime number?
False
Let t = -32 + 30. Let f(w) = -4*w - 6. Is f(t) a composite number?
False
Suppose -22284 = 7*f - 161129. Is f a prime number?
False
Let k = -49 + 28. Let o = k - -28. Suppose -5*a + 221 = 3*w, -2*w - 327 = -o*w + 2*a. Is w composite?
False
Suppose 8*v = 3*v + 15. Is (1/v)/((-6)/(-2286)) prime?
True
Is 180/450 + (362218/5 - -1) composite?
True
Let y = -265 - -754. Is y a composite number?
True
Is (317143/(-415))/((-1 + -1)/10) a composite number?
False
Is 4/(-34) + (1670088/68 - 3) prime?
False
Suppose -264884 + 66803 = -9*l. Is l composite?
True
Let m be (5/2)/(3/6 + -1). Is (-3)/21 - (69810/(-42) - m) prime?
True
Suppose -8*u - 36 = -2*u. Let c be -7*9*u/(-63). Is (c/(-4))/((-3)/(-226)) prime?
True
Let o(h) = h**2 - 1. Let j be o(3). Suppose -j = -0*l - 2*l. Suppose -3*q + 135 = 2*g, -l*g + 3*g - 50 = -q. Is q a prime number?
True
Let c(m) be the third derivative of -m**7/280 + 7*m**6/360 - m**5/60 + 7*m**4/24 + 7*m**3/6 + 9*m**2. Let g(u) be the first derivative of c(u). Is g(-6) prime?
True
Let s(j) be the second derivative of 0*j**3 + 77/5*j**5 + 8*j + 0*j**2 - 1/12*j**4 + 0. Is s(1) a composite number?
False
Suppose -4*p - 2849 = -5*c + 847, -2*c = 3*p + 2772. Let r = -403 - p. Is r prime?
True
Let n(f) = -f**2 - 3*f - 7. Let d be n(-3). Is (-384604)/(-154) + 3/d composite?
True
Suppose -2*u - 33 = -4*q - 7*u, -2*q + 13 = -u. Let i(k) = 12*k - 1. Let o be i(q). Let h = o - -324. Is h composite?
True
Let u(v) = v + 12. Let s be u(-7). Suppose 31 = s*b - 44. Is (2 + b/(-6))*-138 prime?
False
Suppose -20 = -2*b + 6*b. Let o(h) = -18*h - 2. Let v be o(b). Suppose 45 = -0*t + t - 2*d, -v = -2*t + 2*d. Is t composite?
False
Suppose -2*o = 4*c + 828, -3*o - 1214 = -3*c + 2*c. Let f = -279 - o. Is f composite?
False
Let p(u) = 12*u**2 - 6*u - 167. Is p(30) a prime number?
True
Suppose 3*n + n - 40 = 0. Suppose 5*x - 3*g - n = 0, 5*x - 5*g - 5 = -3*g. Is -2 - -4 - 209/x a prime number?
True
Suppose p = 5*p. Suppose 3*t - 3 = p, -2*t + 8 = 5*m - 2*m. Suppose -5*h - 2*k = -347, 2*h + 2*h = m*k + 274. Is h composite?
True
Let k(o) = 10*o - 4. Let r be k(1). Let m be ((-9)/r)/(2/8). Is 147/2*m/(-9) prime?
False
Let n(p) = 5*p**2 + 20*p**2 + 12*p**2 - p**2 - 5*p + 11. Is n(6) prime?
True
Is (-35023428)/(-756) - 4/14 a prime number?
True
Is 2/3 + 12234124/588 a composite number?
False
Suppose 6 = -6*w + 3*w, -4*f - w + 18 = 0. Suppose -4*l = -f*l + 491. Suppose -4 = 2*s - 12, 3*u - l = -5*s. Is u composite?
False
Suppose -12 = -4*j - 5*v + 11, -5*j = -v - 65. Let l be (18/(-8))/(3/j). Let x(a) = a**3 + 10*a**2 - 11*a + 7. Is x(l) prime?
False
Suppose 0 = -o - 3, -2*o + 3*o = -v. Is -2*v/(18/(-93)) prime?
True
Let v be 4/(-6) - (-572)/39. Is (v/21)/(2/249) prime?
True
Is (-1 + 580)*8 - (100 + -105) prime?
True
Let q = 4 + -1. Suppose m = 2*z + 18 + 54, -5*z + 172 = q*m. Suppose -2*t = 5*v - m -